
What are the prime factors of 1930544?
2, 7, 11, 1567
List the prime factors of 505282.
2, 252641
What are the prime factors of 3694793?
1867, 1979
List the prime factors of 669062.
2, 67, 4993
What are the prime factors of 111875?
5, 179
List the prime factors of 363721.
557, 653
What are the prime factors of 8739004?
2, 367, 5953
What are the prime factors of 1210248?
2, 3, 13, 431
What are the prime factors of 1163100?
2, 3, 5, 3877
What are the prime factors of 2347321?
47, 49943
List the prime factors of 2818908.
2, 3, 43, 607
List the prime factors of 2038700.
2, 5, 19, 29, 37
What are the prime factors of 13707595?
5, 11, 249229
What are the prime factors of 2571759?
3, 37, 7723
What are the prime factors of 1451597?
7, 207371
List the prime factors of 645899.
709, 911
List the prime factors of 435715.
5, 7, 59, 211
List the prime factors of 273791.
7, 39113
List the prime factors of 573328.
2, 7, 5119
What are the prime factors of 245098?
2, 7, 41, 61
List the prime factors of 735098.
2, 7, 13, 577
List the prime factors of 2952819.
3, 71, 4621
What are the prime factors of 2260702?
2, 1130351
List the prime factors of 1213271.
1213271
What are the prime factors of 7751984?
2, 31, 15629
List the prime factors of 1259813.
37, 79, 431
What are the prime factors of 3772964?
2, 13, 37, 53
What are the prime factors of 588117?
3, 196039
List the prime factors of 1336532.
2, 334133
What are the prime factors of 202089?
3, 31, 41, 53
What are the prime factors of 231064?
2, 17, 1699
List the prime factors of 2159859.
3, 13, 55381
What are the prime factors of 1225147?
7, 11, 2273
List the prime factors of 16233251.
2617, 6203
What are the prime factors of 7202410?
2, 5, 720241
What are the prime factors of 941291?
13, 61, 1187
What are the prime factors of 2994115?
5, 19, 31517
What are the prime factors of 6118780?
2, 5, 31, 71, 139
List the prime factors of 2962517.
2962517
List the prime factors of 303901.
13, 97, 241
What are the prime factors of 12579455?
5, 7, 107, 3359
List the prime factors of 5063648.
2, 229, 691
List the prime factors of 213007.
53, 4019
List the prime factors of 125266.
2, 62633
List the prime factors of 1042033.
53, 19661
List the prime factors of 14755329.
3, 1639481
What are the prime factors of 12908407?
127, 101641
List the prime factors of 18511394.
2, 11, 841427
What are the prime factors of 203072?
2, 19, 167
What are the prime factors of 3089798?
2, 73, 21163
List the prime factors of 6925701.
3, 2308567
List the prime factors of 1430702.
2, 7, 13, 1123
What are the prime factors of 278932?
2, 137, 509
What are the prime factors of 1243814?
2, 11, 13, 4349
What are the prime factors of 8716338?
2, 3, 47, 10303
List the prime factors of 930124.
2, 13, 31, 577
What are the prime factors of 603854?
2, 301927
What are the prime factors of 319395?
3, 5, 107, 199
List the prime factors of 9532751.
9532751
List the prime factors of 2969289.
3, 359, 919
List the prime factors of 4013072.
2, 7, 35831
What are the prime factors of 498715?
5, 7, 14249
What are the prime factors of 8950725?
3, 5, 7, 5683
What are the prime factors of 2555193?
3, 851731
What are the prime factors of 75329?
75329
What are the prime factors of 630647?
53, 73, 163
List the prime factors of 156605.
5, 31321
List the prime factors of 6843712.
2, 61, 1753
List the prime factors of 100828.
2, 7, 13, 277
List the prime factors of 469679.
7, 229, 293
What are the prime factors of 221904?
2, 3, 23, 67
List the prime factors of 11796933.
3, 137, 28703
List the prime factors of 1590972.
2, 3, 197, 673
What are the prime factors of 476819?
7, 37, 263
What are the prime factors of 616613?
109, 5657
What are the prime factors of 589699?
11, 53609
List the prime factors of 282315.
3, 5, 11, 29, 59
List the prime factors of 1565209.
1565209
What are the prime factors of 1545049?
11, 113
What are the prime factors of 1733983?
17, 101999
List the prime factors of 5758286.
2, 41, 70223
What are the prime factors of 822782?
2, 47, 8753
What are the prime factors of 558609?
3, 79, 2357
List the prime factors of 781118.
2, 13, 2311
List the prime factors of 4659421.
13, 358417
What are the prime factors of 964665?
3, 5, 13, 17, 97
What are the prime factors of 7030509?
3, 101, 23203
List the prime factors of 261986.
2, 29, 4517
List the prime factors of 1372273.
7, 196039
List the prime factors of 54906.
2, 3, 9151
What are the prime factors of 566501?
13, 43577
What are the prime factors of 240502?
2, 19, 6329
What are the prime factors of 2534126?
2, 7, 31, 5839
List the prime factors of 1342416.
2, 3, 27967
List the prime factors of 86127.
3, 19, 1511
List the prime factors of 768587.
17, 29, 1559
List the prime factors of 410769.
3, 45641
What are the prime factors of 727428?
2, 3, 13, 4663
What are the prime factors of 1015003?
11, 53, 1741
What are the prime factors of 15894870?
2, 3, 5, 529829
What are the prime factors of 224580?
2, 3, 5, 19, 197
What are the prime factors of 148508?
2, 137, 271
List the prime factors of 25196853.
3, 11, 29, 113, 233
List the prime factors of 549673.
523, 1051
What are the prime factors of 315380?
2, 5, 13, 1213
What are the prime factors of 12525?
3, 5, 167
What are the prime factors of 8035479?
3, 31, 83, 347
List the prime factors of 98076.
2, 3, 11, 743
What are the prime factors of 1227523?
11, 111593
What are the prime factors of 16797117?
3, 487, 11497
What are the prime factors of 117644?
2, 29411
List the prime factors of 650394.
2, 3, 23, 1571
List the prime factors of 17055474.
2, 3, 2842579
List the prime factors of 19323511.
19323511
List the prime factors of 493676.
2, 123419
What are the prime factors of 1989948?
2, 3, 165829
What are the prime factors of 1423714?
2, 191, 3727
What are the prime factors of 396298?
2, 7, 28307
List the prime factors of 1197929.
1197929
List the prime factors of 268461.
3, 61, 163
What are the prime factors of 9969743?
7, 557, 2557
What are the prime factors of 107718?
2, 3, 13, 1381
List the prime factors of 3875180.
2, 5, 71, 2729
List the prime factors of 883178.
2, 107, 4127
What are the prime factors of 4600976?
2, 269, 1069
List the prime factors of 258883.
29, 79, 113
List the prime factors of 22969618.
2, 7, 17, 103, 937
List the prime factors of 265295.
5, 97, 547
What are the prime factors of 3003198?
2, 3, 11, 45503
List the prime factors of 4031915.
5, 806383
List the prime factors of 9544315.
5, 11, 97, 1789
List the prime factors of 1270899.
3, 7, 20173
What are the prime factors of 6725253?
3, 2241751
List the prime factors of 4249340.
2, 5, 212467
What are the prime factors of 23876068?
2, 619, 9643
List the prime factors of 73550.
2, 5, 1471
List the prime factors of 74982.
2, 3, 12497
What are the prime factors of 40002?
2, 3, 59, 113
What are the prime factors of 1152320?
2, 5, 13, 277
What are the prime factors of 625971?
3, 208657
What are the prime factors of 484849?
311, 1559
List the prime factors of 60231.
3, 17, 1181
List the prime factors of 4358670.
2, 3, 5, 145289
List the prime factors of 5632404.
2, 3, 469367
List the prime factors of 2088356.
2, 163, 3203
List the prime factors of 5063046.
2, 3, 843841
What are the prime factors of 363599?
31, 37, 317
List the prime factors of 54812.
2, 71, 193
What are the prime factors of 3600026?
2, 37, 48649
What are the prime factors of 1523178?
2, 3, 67, 421
What are the prime factors of 1502619?
3, 500873
List the prime factors of 6388781.
7, 103, 8861
List the prime factors of 64371.
3, 43, 499
List the prime factors of 982215.
3, 5, 13, 23, 73
List the prime factors of 1018899.
3, 7, 599
What are the prime factors of 1770198?
2, 3, 295033
List the prime factors of 433104.
2, 3, 7, 1289
List the prime factors of 17099.
17099
What are the prime factors of 5215806?
2, 3, 96589
List the prime factors of 4524588.
2, 3, 125683
List the prime factors of 3302726.
2, 7, 17, 13877
What are the prime factors of 100536?
2, 3, 59, 71
What are the prime factors of 28632?
2, 3, 1193
List the prime factors of 14124757.
2861, 4937
What are the prime factors of 1699020?
2, 3, 5, 9439
List the prime factors of 1947535.
5, 389507
List the prime factors of 25550.
2, 5, 7, 73
List the prime factors of 245055.
3, 